 are the prime factors of h?
3, 5
Let l(r) = -r**3 - 2*r**2 + 3*r + 2. Let w be l(-3). Suppose -2*d = w*d. List the prime factors of 1 + -1 + 10 + d.
2, 5
Suppose -3*o - 4*h - 66 = -4*o, -o = h - 41. What are the prime factors of o?
2, 23
Let y = -53 + 209. List the prime factors of y.
2, 3, 13
Let l = 113 + -65. Suppose 0 = -4*w + 20 + l. List the prime factors of w.
17
Suppose 0 = -2*b - 8, 0 = -x - b - 6 + 36. List the prime factors of x.
2, 17
Let u(w) = 22*w**2 - w. Let h be u(-2). Suppose 2*j = -j + h. Suppose -j = -4*g - g. What are the prime factors of g?
2, 3
Suppose 4*g - 3*l = 223, -g - 6*l + 67 = -3*l. List the prime factors of g.
2, 29
Let n(l) = l - 6. Let t be n(0). Let s be (-3)/9 + (-32)/t. Suppose s*p - 4*d = 42, -5*d + d - 12 = 0. List the prime factors of p.
2, 3
Let v(x) = 2*x**2. Let a be 2*6*1/2. Let c = 4 - a. List the prime factors of v(c).
2
Let f = 15 - -80. What are the prime factors of f?
5, 19
Let u(i) = 7*i - 2. Let l be u(5). Suppose -4*y + l = -y. What are the prime factors of y?
11
Let d = -5 + 5. List the prime factors of 1 + 0 - (d + -2).
3
Let n be 3/5 + 60/25. Suppose n*h - 5*h + 28 = 0. What are the prime factors of h?
2, 7
Let c be (-16)/6*3/(-2). Suppose 0 = -c*q + q + 69. Let w = q - 12. List the prime factors of w.
11
Let v(g) = g**2 - 2*g - 3. Let z be v(3). List the prime factors of (-90)/(-6)*(z - -1).
3, 5
Let s(c) = -c**2 + c - 1. Let d = -1 + 2. Let z(k) = -4*k**2 + 8*k. Let r(j) = d*z(j) - 3*s(j). What are the prime factors of r(5)?
3
Let s(f) = -f**2. Let i be s(0). What are the prime factors of (0 + (-1 - i))*-17?
17
Let a = 220 + -100. What are the prime factors of a?
2, 3, 5
Suppose 0 = 2*t + 2*t. Suppose t = h + 4*b - 4, -4*h + 4*b + 99 - 23 = 0. List the prime factors of h.
2
Let d = -13 - -35. List the prime factors of d.
2, 11
What are the prime factors of 1/(-2)*(-306 - (3 - -1))?
5, 31
Suppose -5*k + 638 = 2*v, -5*k + 639 = 9*v - 8*v. List the prime factors of k.
2
Let k(g) = -g**3 + 8*g**2 - 5*g - 7. Let p be k(6). Let a = -7 + p. List the prime factors of 1/3 - a/(-6).
5
Suppose 0 = g - 4*g + 579. Suppose 0 = -2*v + 4*c + 66, -4*v - v + 3*c = -g. List the prime factors of v.
41
Let m = 130 - 92. What are the prime factors of m?
2, 19
Suppose -39 + 131 = 4*s. Let w(l) = 3*l**2 - 2*l - 3. Let i be w(4). Suppose s + i = 4*h. List the prime factors of h.
3, 5
Let d(f) = -6*f + 2*f - f**3 + 0 + f - 7 - 6*f**2. Suppose -2*j - 3 = j, -4*x - 3*j = 27. List the prime factors of d(x).
11
Suppose -2*c + 0*b = 5*b + 17, -10 = 2*b. Suppose -5*s = -3*z - 20 - 84, 3*s = c*z + 124. What are the prime factors of -1 + -3*z/6?
13
Suppose 0 = -3*u + 1 + 5. Suppose -u*w + 65 = 3*w. List the prime factors of w.
13
Suppose 0*v + 70 = 2*m - 2*v, -3*m - 5*v = -129. Suppose -2*d + m = 6. What are the prime factors of d?
2
Let l(o) = -o**2 - 4*o + 1. Let g be l(-2). Let b = 2 + g. List the prime factors of b.
7
Suppose 0*p - 2*p = -8. Let r be -5 + 6 + (0 - -3). Suppose g - 5 = -p*f + 4, -5*f + 3 = r*g. What are the prime factors of f?
3
Suppose -3*z + 686 = 2*t, t = 5*z + 2*t - 1148. What are the prime factors of z?
2, 5, 23
Let o(n) be the second derivative of -n**3/2 + 3*n**2 + 2*n. Let f be o(5). What are the prime factors of 1/(-2) + f/(-2)?
2
Let y(q) = 38*q + 5. List the prime factors of y(2).
3
Let n = -28 + 40. What are the prime factors of (-2 + n/(-9))*-3?
2, 5
Let b be ((-16)/20)/((-1)/5). Let m(c) = -c**3 + 3*c**2 + 5*c + 1. List the prime factors of m(b).
5
Let w be (-18)/4 - (-6)/12. Let p = w + 41. What are the prime factors of p?
37
Let g = 68 + -3. What are the prime factors of g?
5, 13
Let a = -155 + 248. What are the prime factors of a?
3, 31
Let j = 4 - 0. Let p(d) = d + 3 - 4 - 1. What are the prime factors of p(j)?
2
Suppose 0 = 3*z - 8*z + 25. What are the prime factors of z?
5
Let h(u) = 52*u**2 + 4*u - 3. What are the prime factors of h(2)?
3, 71
Let s(h) = h**2. Let r(i) = -6*i**2 + 10*i + 4. Let f(g) = r(g) + 5*s(g). What are the prime factors of f(9)?
13
Suppose c - 5 = -4*c. Let w(z) = 2*z**3 + z**2 - z. Let u be w(c). Suppose 0*b + b + 5*d = 0, 0 = u*d + 2. What are the prime factors of b?
5
Let o be 8/(-36) + (-44)/(-36). Suppose 2 = 5*x - 8. Suppose -3*d = -4*a - 5, -d + 0*a = -x*a + o. List the prime factors of d.
7
Suppose 2*m + 5*y + 9 = -2*m, -4*y + 42 = -5*m. Let k(d) = -d**2 - 11*d. List the prime factors of k(m).
2, 3, 5
Let l(q) = -4*q**3 - 4*q**3 + 0*q**2 - 14*q**3 + q**2. List the prime factors of l(-1).
23
Let a(s) = s**2 - 6*s - 4. Let k be a(7). Suppose 30 = 2*i - 2*d, 4*i + k*d - 23 = 51. List the prime factors of i.
17
Let f(a) = -a**2 + 7*a. Let q be f(7). Suppose -5*j - 12 = -3*c, -5*c = -4*j - q*j - 33. What are the prime factors of c?
3
Let f be 2*((-5)/(-2) + -2). Let a be -1 - f - (-2 + 0). Suppose 2*d - 4*d + 12 = a. What are the prime factors of d?
2, 3
Let v be 4/3*(-3)/(-2). Suppose 0 = 5*n - v*n - 6. What are the prime factors of n?
2
Suppose -t + 100 = 4*r, -3*t - r = -127 - 162. What are the prime factors of t?
2, 3
Let p(n) = 128*n**3 - n. List the prime factors of p(1).
127
Let l = -2 + 3. Let i be 2*l/(-4)*8. Let k(a) = -2*a. List the prime factors of k(i).
2
Let h be (0/(-2) + 3)/(-1). Let d be h*(-4)/6*1. Suppose -z - 8 = -d*z. What are the prime factors of z?
2
Suppose 102 = 2*q - 42. Suppose 4*s - q = -4*g + 2*s, 0 = -s. List the prime factors of g.
2, 3
Suppose 0 = 4*s - 3*f - 328, -4*s - f = 3*f - 328. What are the prime factors of s?
2, 41
Suppose -14*g + 18*g + 84 = 0. Let k = g + 29. What are the prime factors of k?
2
Let i be 15/6*6/5. Let q be 10*i/(-3 + -3). What are the prime factors of (-9)/(-5) - q/25?
2
List the prime factors of (-9)/(-6)*(-1704)/(-18).
2, 71
Let l = 9 + -5. Let k = 46 + l. Suppose 0 = -2*m + 7*m - k. List the prime factors of m.
2, 5
Let o(p) = p**2 + 5. Let z be o(-3). Suppose -15*l = -z*l - 41. What are the prime factors of l?
41
Suppose 8*x - 3*x - 270 = 0. What are the prime factors of x?
2, 3
What are the prime factors of (-1274)/28*(-8 - (-2 - 0))?
3, 7, 13
Let d be 136 + -1 + -1 + 2. Let l = -12 - -10. What are the prime factors of d/8 - (-2)/l?
2
Suppose 3*h + 0 = -2*l - 13, -2 = 4*l - 2*h. Let d = l - -6. What are the prime factors of d?
2
Let p(m) = -m**3 + 6*m**2 - 7*m + 6. Suppose 0*r - 27 = 3*r. Let n = r + 13. List the prime factors of p(n).
2, 5
Let w(z) = z**3. Suppose -k + 6 = -0*k. Suppose -2*y - y = -k. What are the prime factors of w(y)?
2
Let h = 0 + 3. Suppose 3*n = 2*i + 7*n, i + h*n = 2. Let u(r) = -r - 1. What are the prime factors of u(i)?
3
Let p(x) be the second derivative of -x**4/12 + 3*x**3/2 - 7*x**2/2 + x. List the prime factors of p(7).
7
Suppose -3*k + 3 = -0*k. Let v(j) = -7*j + j**3 - 4 - 1 + k - 11*j**2 - 3*j. What are the prime factors of v(12)?
2, 5
Let v = 8 - 4. Let z be (v + 0)/(16/(-24)). Let k = 2 - z. List the prime factors of k.
2
List the prime factors of 28/(-70) + (-312)/(-5).
2, 31
Let x(n) = n**3 - 2*n**2 - 3*n + 5. Let r be x(3). Suppose r*f + 140 = 9*f. List the prime factors of f.
5, 7
Let m = -10 - -10. Suppose 2*u - n + 4*n - 42 = 0, m = -5*u - 2*n + 83. What are the prime factors of u?
3, 5
Let t = -2 + 5. Suppose -m - m - 3*c + 32 = 0, -2*c = t*m - 38. What are the prime factors of m?
2, 5
Let j = 536 - 332. List the prime factors of j.
2, 3, 17
Suppose 3*h - 4*h = 5, -3*h - 218 = -k. List the prime factors of k.
7, 29
Let f = 37 + -7. Let n = f - 20. List the prime factors of n.
2, 5
Suppose 20 = 4*c - 0. Suppose c*h = 7*h - 52. List the prime factors of h.
2, 13
Let v = 86 + -50. Let y = -26 + v. List the prime factors of y.
2, 5
Let d = -9 + 13. Let l = 9 - d. List the prime factors of l.
5
Suppose -q + 4 = q. List the prime factors of (q/5)/((-4)/(-240)).
2, 3
Let g(y) = -3*y + 24. List the prime factors of g(-18).
2, 3, 13
Let w(r) = -14*r - 25. Let g(x) = 5*x + 8. Let l(o) = 8*g(o) + 3*w(o). List the prime factors of l(-13).
3, 5
Let x(d) = -d + 2. Let p(z) = -z + 10. Let t be p(8). Let q be x(t). Suppose q = 2*g + 3*g + b - 66, 0 = -4*g - 3*b + 55. What are the prime factors of g?
13
Suppose -4*v + 13 = -m, v - 8 = 3*m - 2. Suppose 2*u = 3*u - v. Suppose u*i + o = 16, 0*i = -2*i + 3*o - 4. What are the prime factors of i?
2
Suppose -2*i - 6*y 